{"id":798,"date":"2016-10-02T21:27:52","date_gmt":"2016-10-02T20:27:52","guid":{"rendered":"http:\/\/www.sivom-bethunois.xyz\/?page_id=798"},"modified":"2025-02-04T16:33:11","modified_gmt":"2025-02-04T15:33:11","slug":"coordonnees","status":"publish","type":"page","link":"https:\/\/www.sivom-bethunois.fr\/index.php\/coordonnees\/","title":{"rendered":"Coordonn\u00e9es"},"content":{"rendered":"<div id=\"cs-content\" class=\"cs-content\"><div id=\"x-section-1\" class=\"x-section\" style=\"margin: 0px;padding: 0px; background-color: transparent;\" ><div id=\"\" class=\"x-container\" style=\"margin: 0px auto;padding: 0px;\" ><div  class=\"x-column x-sm x-1-1\" style=\"padding: 0px;\" ><div class=\"x-text x-text-headline has-graphic e798-e4 mm6-0 mm6-1\"><div class=\"x-text-content\"><span class=\"x-graphic\" aria-hidden=\"true\"><i class=\"x-icon x-graphic-child x-graphic-icon x-graphic-primary\" aria-hidden=\"true\" data-x-icon-s=\"&#xf879;\"><\/i><\/span><div class=\"x-text-content-text\"><h1 class=\"x-text-content-text-primary\">NOS COORDONN\u00c9ES<\/h1>\n<\/div><\/div><\/div><hr  class=\"x-hr\" style=\"border-top-width: 2px;width: 100%;\"><\/div><\/div><\/div><div id=\"x-section-2\" class=\"x-section\" style=\"margin: 0px;padding: 0px; background-color: transparent;\" ><div id=\"\" class=\"x-container\" style=\"margin: 0px auto;padding: 0px;\" ><div  class=\"x-column x-sm x-1-1\" style=\"padding: 0px;\" ><div class=\"x-text x-text-headline has-graphic e798-e9 mm6-0 mm6-2\"><div class=\"x-text-content\"><span class=\"x-graphic\" aria-hidden=\"true\"><i class=\"x-icon x-graphic-child x-graphic-icon x-graphic-primary\" aria-hidden=\"true\" data-x-icon-s=\"&#xf044;\"><\/i><\/span><div class=\"x-text-content-text\"><h2 class=\"x-text-content-text-primary\">ADMINISTRATION<\/h2>\n<\/div><\/div><\/div><hr  class=\"x-hr\" style=\"border-top-width: 1px;width: 100%;\"><\/div><\/div><div id=\"\" class=\"x-container\" style=\"margin: 0px auto;padding: 0px;\" ><div  class=\"x-column x-sm x-1-3\" style=\"padding: 0px;\" ><span class=\"x-image e798-e13 mm6-8\"><img fetchpriority=\"high\" decoding=\"async\" src=\"https:\/\/www.sivom-bethunois.fr\/wp-content\/uploads\/2025\/01\/1B2A8915-scaled.jpg\" width=\"1280\" height=\"853\" alt=\"Image\"><\/span><hr class=\"x-line e798-e14 mm6-9\"\/><\/div><div  class=\"x-column x-sm x-2-3\" style=\"padding: 0px;\" ><div class=\"x-text x-content e798-e16 mm6-a\"><p><span style=\"color: #7ac1e3;\"><strong>Si\u00e8ge du SIVOM de la Communaut\u00e9 du B\u00e9thunois<\/strong><\/span><br \/>\n660, rue de Lille<br \/>\n62400 B\u00c9THUNE<br \/>\n03.21.61.55.55<\/p><\/div><\/div><\/div><\/div><div id=\"x-section-3\" class=\"x-section\" style=\"margin: 0px;padding: 0px; background-color: transparent;\" ><div id=\"\" class=\"x-container\" style=\"margin: 0px auto;padding: 0px;\" ><div  class=\"x-column x-sm x-1-1\" style=\"padding: 0px;\" ><div class=\"x-text x-text-headline has-graphic e798-e20 mm6-0 mm6-3\"><div class=\"x-text-content\"><span class=\"x-graphic\" aria-hidden=\"true\"><i class=\"x-icon x-graphic-child x-graphic-icon x-graphic-primary\" aria-hidden=\"true\" data-x-icon-s=\"&#xf0c0;\"><\/i><\/span><div class=\"x-text-content-text\"><h2 class=\"x-text-content-text-primary\">P&Ocirc;LE SOLIDARIT&Eacute;-SANT&Eacute;<\/h2>\n<\/div><\/div><\/div><hr  class=\"x-hr\" style=\"border-top-width: 1px;width: 100%;\"><\/div><\/div><div id=\"\" class=\"x-container\" style=\"margin: 0px auto;padding: 0px;\" ><div  class=\"x-column x-sm x-1-3\" style=\"padding: 0px;\" ><span class=\"x-image e798-e24 mm6-8\"><img fetchpriority=\"high\" decoding=\"async\" src=\"https:\/\/www.sivom-bethunois.fr\/wp-content\/uploads\/2025\/01\/1B2A8915-scaled.jpg\" width=\"1280\" height=\"853\" alt=\"Image\"><\/span><hr class=\"x-line e798-e25 mm6-9\"\/><\/div><div  class=\"x-column x-sm x-2-3\" style=\"padding: 0px;\" ><div class=\"x-text x-content e798-e27 mm6-a\"><p><strong><span style=\"color: #e26b96;\">Service Autonomie \u00e0 Domicile<\/span><\/strong><br \/>\n660, rue de Lille<br \/>\n62400 B\u00c9THUNE<\/p>\n<p><strong>Service d'aide \u00e0 domicile :\u00a0<\/strong>03.21.61.55.48<br \/>\n<strong>Service de soins infirmiers \u00e0 domicile : <\/strong>03.21.61.55.67<\/p>\n<p><\/p><\/div><\/div><\/div><div id=\"\" class=\"x-container\" style=\"margin: 0px auto;padding: 0px;\" ><div  class=\"x-column x-sm x-1-3\" style=\"padding: 0px;\" ><span class=\"x-image e798-e30 mm6-8\"><img decoding=\"async\" src=\"https:\/\/www.sivom-bethunois.fr\/wp-content\/uploads\/2025\/01\/1B2A0391-scaled.jpg\" width=\"1280\" height=\"853\" alt=\"Image\"><\/span><hr class=\"x-line e798-e31 mm6-9\"\/><\/div><div  class=\"x-column x-sm x-2-3\" style=\"padding: 0px;\" ><div class=\"x-text x-content e798-e33 mm6-a\"><p><strong><span style=\"color: #e26b96;\">EHPAD Marie Curie<\/span><\/strong><br \/>Rue Jules Weppe<br \/>62660 BEUVRY<br \/>03.21.65.24.44<\/p><\/div><\/div><\/div><div id=\"\" class=\"x-container\" style=\"margin: 0px auto;padding: 0px;\" ><div  class=\"x-column x-sm x-1-3\" style=\"padding: 0px;\" ><span class=\"x-image e798-e36 mm6-8\"><img decoding=\"async\" src=\"https:\/\/www.sivom-bethunois.fr\/wp-content\/uploads\/2025\/01\/EPHAD-Degeorge-scaled.jpg\" width=\"1280\" height=\"853\" alt=\"Image\"><\/span><hr class=\"x-line e798-e37 mm6-9\"\/><\/div><div  class=\"x-column x-sm x-2-3\" style=\"padding: 0px;\" ><div class=\"x-text x-content e798-e39 mm6-a\"><p><strong><span style=\"color: #e26b96;\">EHPAD Fr&eacute;d&eacute;ric Degeorge<\/span><\/strong><br \/>62, rue Georges Guynemer<br \/>62400 B&Eacute;THUNE<br \/>03.21.01.47.47<\/p><\/div><\/div><\/div><div id=\"\" class=\"x-container\" style=\"margin: 0px auto;padding: 0px;\" ><div  class=\"x-column x-sm x-1-3\" style=\"padding: 0px;\" ><span class=\"x-image e798-e42 mm6-8\"><img loading=\"lazy\" decoding=\"async\" src=\"https:\/\/www.sivom-bethunois.fr\/wp-content\/uploads\/2025\/01\/RA-Guynemer-scaled.jpg\" width=\"1280\" height=\"853\" alt=\"Image\"><\/span><hr class=\"x-line e798-e43 mm6-9\"\/><\/div><div  class=\"x-column x-sm x-2-3\" style=\"padding: 0px;\" ><div class=\"x-text x-content e798-e45 mm6-a\"><p><strong><span style=\"color: #e26b96;\">R&eacute;sidence Autonomie GEORGES GUYNEMER<br \/><\/span><\/strong>64, rue Georges Guynemer<br \/>62400 B&Eacute;THUNE<br \/>03.21.68.34.90<\/p><\/div><\/div><\/div><div id=\"\" class=\"x-container\" style=\"margin: 0px auto;padding: 0px;\" ><div  class=\"x-column x-sm x-1-3\" style=\"padding: 0px;\" ><span class=\"x-image e798-e48 mm6-8\"><img loading=\"lazy\" decoding=\"async\" src=\"https:\/\/www.sivom-bethunois.fr\/wp-content\/uploads\/2025\/01\/RA-Les-Sorbiers-scaled.jpg\" width=\"1280\" height=\"751\" alt=\"Image\"><\/span><hr class=\"x-line e798-e49 mm6-9\"\/><\/div><div  class=\"x-column x-sm x-2-3\" style=\"padding: 0px;\" ><div class=\"x-text x-content e798-e51 mm6-a\"><p><strong><span style=\"color: #e26b96;\">R&eacute;sidence Autonomie LES SORBIERS<\/span><\/strong><br \/>Boulevard de Varsovie<br \/>62400 B&Eacute;THUNE<br \/>03.21.68.38.22<\/p><\/div><\/div><\/div><div id=\"\" class=\"x-container\" style=\"margin: 0px auto;padding: 0px;\" ><div  class=\"x-column x-sm x-1-3\" style=\"padding: 0px;\" ><span class=\"x-image e798-e54 mm6-8\"><img loading=\"lazy\" decoding=\"async\" src=\"https:\/\/www.sivom-bethunois.fr\/wp-content\/uploads\/2025\/01\/RA-le-rivage-scaled.jpg\" width=\"1280\" height=\"853\" alt=\"Image\"><\/span><hr class=\"x-line e798-e55 mm6-9\"\/><\/div><div  class=\"x-column x-sm x-2-3\" style=\"padding: 0px;\" ><div class=\"x-text x-content e798-e57 mm6-a\"><p><strong><span style=\"color: #e26b96;\">R&eacute;sidence Autonomie LE RIVAGE<\/span><\/strong><br \/>8 Rue Jules Weppe<br \/>62660 Beuvry<br \/>03.21.61.55.90<\/p><\/div><\/div><\/div><div id=\"\" class=\"x-container\" style=\"margin: 0px auto;padding: 0px;\" ><div  class=\"x-column x-sm x-1-3\" style=\"padding: 0px;\" ><span class=\"x-image e798-e60 mm6-8\"><img loading=\"lazy\" decoding=\"async\" src=\"https:\/\/www.sivom-bethunois.fr\/wp-content\/uploads\/2025\/01\/C.S.A.P.A-scaled.jpg\" width=\"1280\" height=\"853\" alt=\"Image\"><\/span><hr class=\"x-line e798-e61 mm6-9\"\/><\/div><div  class=\"x-column x-sm x-2-3\" style=\"padding: 0px;\" ><div class=\"x-text x-content e798-e63 mm6-a\"><p><strong><span style=\"color: #e26b96;\">Centre de Soins, d'Accompagnement et de Pr&eacute;vention des Addictologies (C.S.A.P.A)<\/span><\/strong><br \/><strong>La Chrysalide<\/strong><br \/>660, rue de Lille<br \/>62400 B&Eacute;THUNE<br \/>03.21.61.55.77<\/p><\/div><\/div><\/div><div id=\"\" class=\"x-container\" style=\"margin: 0px auto;padding: 0px;\" ><div  class=\"x-column x-sm x-1-3\" style=\"padding: 0px;\" ><span class=\"x-image e798-e66 mm6-8\"><img loading=\"lazy\" decoding=\"async\" src=\"https:\/\/www.sivom-bethunois.fr\/wp-content\/uploads\/2025\/01\/Crematorium-scaled.jpg\" width=\"1280\" height=\"853\" alt=\"Image\"><\/span><hr class=\"x-line e798-e67 mm6-9\"\/><\/div><div  class=\"x-column x-sm x-2-3\" style=\"padding: 0px;\" ><div class=\"x-text x-content e798-e69 mm6-a\"><p><strong><span style=\"color: #e26b96;\">Cr&eacute;matorium<\/span><\/strong><br \/>Rue de Hinges<br \/>62232 VENDIN-LEZ-B&Eacute;THUNE<br \/>03.21.68.01.00<\/p><\/div><\/div><\/div><\/div><div id=\"x-section-4\" class=\"x-section\" style=\"margin: 0px;padding: 0px; background-color: transparent;\" ><div id=\"\" class=\"x-container\" style=\"margin: 0px auto;padding: 0px;\" ><div  class=\"x-column x-sm x-1-1\" style=\"padding: 0px;\" ><div class=\"x-text x-text-headline has-graphic e798-e73 mm6-0 mm6-4\"><div class=\"x-text-content\"><span class=\"x-graphic\" aria-hidden=\"true\"><i class=\"x-icon x-graphic-child x-graphic-icon x-graphic-primary\" aria-hidden=\"true\" data-x-icon-s=\"&#xf2e7;\"><\/i><\/span><div class=\"x-text-content-text\"><h2 class=\"x-text-content-text-primary\">P&Ocirc;LE RESTAURATION COLLECTIVE<\/h2>\n<\/div><\/div><\/div><hr  class=\"x-hr\" style=\"border-top-width: 1px;width: 100%;\"><\/div><\/div><div id=\"\" class=\"x-container\" style=\"margin: 0px auto;padding: 0px;\" ><div  class=\"x-column x-sm x-1-3\" style=\"padding: 0px;\" ><span class=\"x-image e798-e77 mm6-8\"><img loading=\"lazy\" decoding=\"async\" src=\"https:\/\/www.sivom-bethunois.fr\/wp-content\/uploads\/2025\/01\/1B2A5579-scaled.jpg\" width=\"1280\" height=\"853\" alt=\"Image\"><\/span><hr class=\"x-line e798-e78 mm6-9\"\/><\/div><div  class=\"x-column x-sm x-2-3\" style=\"padding: 0px;\" ><div class=\"x-text x-content e798-e80 mm6-a\"><p><span style=\"color: #ed7c1c;\"><strong>Unit&eacute; Centrale de Production de Repas<\/strong><\/span><br \/>802 Route de Noeux<br \/>62113 VERQUIGNEUL<br \/>03.21.61.40.70<\/p><\/div><\/div><\/div><\/div><div id=\"x-section-5\" class=\"x-section\" style=\"margin: 0px;padding: 0px; background-color: transparent;\" ><div id=\"\" class=\"x-container\" style=\"margin: 0px auto;padding: 0px;\" ><div  class=\"x-column x-sm x-1-1\" style=\"padding: 0px;\" ><div class=\"x-text x-text-headline has-graphic e798-e84 mm6-0 mm6-5\"><div class=\"x-text-content\"><span class=\"x-graphic\" aria-hidden=\"true\"><i class=\"x-icon x-graphic-child x-graphic-icon x-graphic-primary\" aria-hidden=\"true\" data-x-icon-s=\"&#xf0ad;\"><\/i><\/span><div class=\"x-text-content-text\"><h2 class=\"x-text-content-text-primary\">P&Ocirc;LE SERVICES TECHNIQUES<\/h2>\n<\/div><\/div><\/div><hr  class=\"x-hr\" style=\"border-top-width: 1px;width: 100%;\"><\/div><\/div><div id=\"\" class=\"x-container\" style=\"margin: 0px auto;padding: 0px;\" ><div  class=\"x-column x-sm x-1-3\" style=\"padding: 0px;\" ><span class=\"x-image e798-e88 mm6-8\"><img loading=\"lazy\" decoding=\"async\" src=\"https:\/\/www.sivom-bethunois.fr\/wp-content\/uploads\/2025\/02\/1B2A8261-scaled.jpg\" width=\"1280\" height=\"853\" alt=\"Image\"><\/span><hr class=\"x-line e798-e89 mm6-9\"\/><\/div><div  class=\"x-column x-sm x-2-3\" style=\"padding: 0px;\" ><div class=\"x-text x-content e798-e91 mm6-a\"><p><span style=\"color: #a2c42b;\"><strong>Centre Technique Intercommunal<\/strong><\/span><br \/>954, Route de N&oelig;ux<br \/>62113 VERQUIGNEUL<br \/>03.21.52.00.00<\/p><\/div><\/div><\/div><\/div><div id=\"x-section-6\" class=\"x-section\" style=\"margin: 0px;padding: 0px; background-color: transparent;\" ><div id=\"\" class=\"x-container\" style=\"margin: 0px auto;padding: 0px;\" ><div  class=\"x-column x-sm x-1-1\" style=\"padding: 0px;\" ><div class=\"x-text x-text-headline has-graphic e798-e95 mm6-0 mm6-6\"><div class=\"x-text-content\"><span class=\"x-graphic\" aria-hidden=\"true\"><i class=\"x-icon x-graphic-child x-graphic-icon x-graphic-primary\" aria-hidden=\"true\" data-x-icon-s=\"&#xf118;\"><\/i><\/span><div class=\"x-text-content-text\"><h2 class=\"x-text-content-text-primary\">P&Ocirc;LE ENFANCE-JEUNESSE<\/h2>\n<\/div><\/div><\/div><hr  class=\"x-hr\" style=\"border-top-width: 1px;width: 100%;\"><\/div><\/div><div id=\"\" class=\"x-container\" style=\"margin: 0px auto;padding: 0px;\" ><div  class=\"x-column x-sm x-1-3\" style=\"padding: 0px;\" ><span class=\"x-image e798-e99 mm6-8\"><img fetchpriority=\"high\" decoding=\"async\" src=\"https:\/\/www.sivom-bethunois.fr\/wp-content\/uploads\/2025\/01\/1B2A8915-scaled.jpg\" width=\"1280\" height=\"853\" alt=\"Image\"><\/span><hr class=\"x-line e798-e100 mm6-9\"\/><\/div><div  class=\"x-column x-sm x-2-3\" style=\"padding: 0px;\" ><div class=\"x-text x-content e798-e102 mm6-a\"><p><span style=\"color: #fcc10f;\"><strong>P&ocirc;le Enfance-Jeunesse&nbsp;<\/strong><\/span><br \/>660, rue de Lille<br \/>62400 B&Eacute;THUNE<\/p>\n<p><strong>Secr&eacute;tariat :<\/strong> 03.21.61.55.60 - service.jeunesse@sivom-bethunois.fr<br \/><span style=\"color: #000000;\"><strong>Relais Petite Enfance : <\/strong><\/span>03.21.61.55.38 - rpe@sivom-bethunois.fr<\/p><\/div><\/div><\/div><div id=\"\" class=\"x-container\" style=\"margin: 0px auto;padding: 0px;\" ><div  class=\"x-column x-sm x-1-3\" style=\"padding: 0px;\" ><span class=\"x-image e798-e105 mm6-8\"><img loading=\"lazy\" decoding=\"async\" src=\"https:\/\/www.sivom-bethunois.fr\/wp-content\/uploads\/2025\/02\/1B2A1845-scaled.jpg\" width=\"1280\" height=\"853\" alt=\"Image\"><\/span><hr class=\"x-line e798-e106 mm6-9\"\/><\/div><div  class=\"x-column x-sm x-2-3\" style=\"padding: 0px;\" ><div class=\"x-text x-content e798-e108 mm6-a\"><p><span style=\"color: #fcc10f;\"><strong>Cr&egrave;che intercommunale &laquo; Les Coccinelles &raquo;<\/strong><\/span><br \/>Sentier du Ch&acirc;teau<br \/>62113 VERQUIGNEUL<br \/>03.21.68.39.30<\/p><\/div><\/div><\/div><div id=\"\" class=\"x-container\" style=\"margin: 0px auto;padding: 0px;\" ><div  class=\"x-column x-sm x-1-3\" style=\"padding: 0px;\" ><span class=\"x-image e798-e111 mm6-8\"><img loading=\"lazy\" decoding=\"async\" src=\"https:\/\/www.sivom-bethunois.fr\/wp-content\/uploads\/2025\/02\/1B2A2413-scaled.jpg\" width=\"1280\" height=\"853\" alt=\"Image\"><\/span><hr class=\"x-line e798-e112 mm6-9\"\/><\/div><div  class=\"x-column x-sm x-2-3\" style=\"padding: 0px;\" ><div class=\"x-text x-content e798-e114 mm6-a\"><p><span style=\"color: #fcc10f;\"><strong>Cr\u00e8che intercommunale \u00ab Les Petites \u00c9toiles \u00bb<\/strong><\/span><br \/>\nRue L\u00e9onard Michaud<br \/>\n621122 LAPUGNOY<br \/>\n<span style=\"color: #000000;\"><span class=\"LrzXr zdqRlf kno-fv\"><span aria-label=\"Appeler le 03 61 09 17 31\">03.61.09.17.31<\/span><\/span><\/span><\/p><\/div><\/div><\/div><\/div><div id=\"x-section-7\" class=\"x-section\" style=\"margin: 0px;padding: 0px; background-color: transparent;\" ><div id=\"\" class=\"x-container\" style=\"margin: 0px auto;padding: 0px;\" ><div  class=\"x-column x-sm x-1-1\" style=\"padding: 0px;\" ><div class=\"x-text x-text-headline has-graphic e798-e118 mm6-0 mm6-7\"><div class=\"x-text-content\"><span class=\"x-graphic\" aria-hidden=\"true\"><i class=\"x-icon x-graphic-child x-graphic-icon x-graphic-primary\" aria-hidden=\"true\" data-x-icon-o=\"&#xe2c1;\"><\/i><\/span><div class=\"x-text-content-text\"><h2 class=\"x-text-content-text-primary\">P&Ocirc;LE S&Eacute;CURIT&Eacute; PUBLIQUE<\/h2>\n<\/div><\/div><\/div><hr  class=\"x-hr\" style=\"border-top-width: 1px;width: 100%;\"><\/div><\/div><div id=\"\" class=\"x-container\" style=\"margin: 0px auto;padding: 0px;\" ><div  class=\"x-column x-sm x-1-3\" style=\"padding: 0px;\" ><span class=\"x-image e798-e122 mm6-8\"><img loading=\"lazy\" decoding=\"async\" src=\"https:\/\/www.sivom-bethunois.fr\/wp-content\/uploads\/2025\/02\/1B2A6574-scaled.jpg\" width=\"1280\" height=\"853\" alt=\"Image\"><\/span><hr class=\"x-line e798-e123 mm6-9\"\/><\/div><div  class=\"x-column x-sm x-2-3\" style=\"padding: 0px;\" ><div class=\"x-text x-content e798-e125 mm6-a\"><p><span style=\"color: #184b9b;\"><strong>Police Municipale Intercommunale<\/strong><\/span><\/p>\n<p>Pour contacter notre Police Municipale Intercommunale, vous devez vous adresser \u00e0 la mairie d'une des communes adh\u00e9rentes \u00e0 la comp\u00e9tence.<\/p><\/div><\/div><\/div><\/div><\/div>\n","protected":false},"excerpt":{"rendered":"<p>NOS COORDONN\u00c9ES ADMINISTRATION Si\u00e8ge du SIVOM de la Communaut\u00e9 du B\u00e9thunois 660, rue de Lille 62400 B\u00c9THUNE 03.21.61.55.55P&Ocirc;LE SOLIDARIT&Eacute;-SANT&Eacute; Service Autonomie \u00e0 Domicile 660, rue de Lille 62400 B\u00c9THUNE Service d&rsquo;aide \u00e0 domicile :\u00a003.21.61.55.48 Service de soins infirmiers \u00e0 domicile : 03.21.61.55.67 EHPAD Marie CurieRue Jules Weppe62660 BEUVRY03.21.65.24.44EHPAD Fr&eacute;d&eacute;ric Degeorge62, rue Georges Guynemer62400 B&Eacute;THUNE03.21.01.47.47R&eacute;sidence Autonomie GEORGES GUYNEMER64, rue Georges Guynemer62400 &#8230; <a href=\"https:\/\/www.sivom-bethunois.fr\/index.php\/coordonnees\/\" class=\"more-link\">Read More<\/a><\/p>\n","protected":false},"author":35,"featured_media":0,"parent":0,"menu_order":0,"comment_status":"closed","ping_status":"open","template":"","meta":{"_monsterinsights_skip_tracking":false,"_monsterinsights_sitenote_active":false,"_monsterinsights_sitenote_note":"","_monsterinsights_sitenote_category":0,"footnotes":""},"class_list":["post-798","page","type-page","status-publish","hentry","no-post-thumbnail"],"yoast_head":"<!-- This site is optimized with the Yoast SEO plugin v27.5 - https:\/\/yoast.com\/product\/yoast-seo-wordpress\/ -->\n<title>L&#039;annuaire des \u00e9tablissements g\u00e9r\u00e9s par le SIVOM du B\u00e9thunois<\/title>\n<meta name=\"description\" content=\"Trouvez facilement votre interlocuteur en consultant l&#039;annuaire des coordonn\u00e9es des services et \u00e9tablissements g\u00e9r\u00e9s par le SIVOM du B\u00e9thunois.\" \/>\n<meta name=\"robots\" content=\"index, follow, max-snippet:-1, max-image-preview:large, max-video-preview:-1\" \/>\n<link rel=\"canonical\" href=\"https:\/\/www.sivom-bethunois.fr\/index.php\/coordonnees\/\" \/>\n<meta property=\"og:locale\" content=\"fr_FR\" \/>\n<meta property=\"og:type\" content=\"article\" \/>\n<meta property=\"og:title\" content=\"L&#039;annuaire des \u00e9tablissements g\u00e9r\u00e9s par le SIVOM du B\u00e9thunois\" \/>\n<meta property=\"og:description\" content=\"Trouvez facilement votre interlocuteur en consultant l&#039;annuaire des coordonn\u00e9es des services et \u00e9tablissements g\u00e9r\u00e9s par le SIVOM du B\u00e9thunois.\" \/>\n<meta property=\"og:url\" content=\"https:\/\/www.sivom-bethunois.fr\/index.php\/coordonnees\/\" \/>\n<meta property=\"og:site_name\" content=\"SIVOM de la Communaut\u00e9 du B\u00e9thunois\" \/>\n<meta property=\"article:publisher\" content=\"https:\/\/www.facebook.com\/sivom.bethunois\" \/>\n<meta property=\"article:modified_time\" content=\"2025-02-04T15:33:11+00:00\" \/>\n<meta name=\"twitter:card\" content=\"summary_large_image\" \/>\n<meta name=\"twitter:label1\" content=\"Dur\u00e9e de lecture estim\u00e9e\" \/>\n\t<meta name=\"twitter:data1\" content=\"11 minutes\" \/>\n<script type=\"application\/ld+json\" class=\"yoast-schema-graph\">{\"@context\":\"https:\\\/\\\/schema.org\",\"@graph\":[{\"@type\":\"WebPage\",\"@id\":\"https:\\\/\\\/www.sivom-bethunois.fr\\\/index.php\\\/coordonnees\\\/\",\"url\":\"https:\\\/\\\/www.sivom-bethunois.fr\\\/index.php\\\/coordonnees\\\/\",\"name\":\"L'annuaire des \u00e9tablissements g\u00e9r\u00e9s par le SIVOM du B\u00e9thunois\",\"isPartOf\":{\"@id\":\"https:\\\/\\\/www.sivom-bethunois.fr\\\/#website\"},\"datePublished\":\"2016-10-02T20:27:52+00:00\",\"dateModified\":\"2025-02-04T15:33:11+00:00\",\"description\":\"Trouvez facilement votre interlocuteur en consultant l'annuaire des coordonn\u00e9es des services et \u00e9tablissements g\u00e9r\u00e9s par le SIVOM du B\u00e9thunois.\",\"breadcrumb\":{\"@id\":\"https:\\\/\\\/www.sivom-bethunois.fr\\\/index.php\\\/coordonnees\\\/#breadcrumb\"},\"inLanguage\":\"fr-FR\",\"potentialAction\":[{\"@type\":\"ReadAction\",\"target\":[\"https:\\\/\\\/www.sivom-bethunois.fr\\\/index.php\\\/coordonnees\\\/\"]}]},{\"@type\":\"BreadcrumbList\",\"@id\":\"https:\\\/\\\/www.sivom-bethunois.fr\\\/index.php\\\/coordonnees\\\/#breadcrumb\",\"itemListElement\":[{\"@type\":\"ListItem\",\"position\":1,\"name\":\"Accueil\",\"item\":\"https:\\\/\\\/www.sivom-bethunois.fr\\\/\"},{\"@type\":\"ListItem\",\"position\":2,\"name\":\"Coordonn\u00e9es\"}]},{\"@type\":\"WebSite\",\"@id\":\"https:\\\/\\\/www.sivom-bethunois.fr\\\/#website\",\"url\":\"https:\\\/\\\/www.sivom-bethunois.fr\\\/\",\"name\":\"SIVOM de la Communaut\u00e9 du B\u00e9thunois\",\"description\":\"Acteur de votre quotidien\",\"publisher\":{\"@id\":\"https:\\\/\\\/www.sivom-bethunois.fr\\\/#organization\"},\"potentialAction\":[{\"@type\":\"SearchAction\",\"target\":{\"@type\":\"EntryPoint\",\"urlTemplate\":\"https:\\\/\\\/www.sivom-bethunois.fr\\\/?s={search_term_string}\"},\"query-input\":{\"@type\":\"PropertyValueSpecification\",\"valueRequired\":true,\"valueName\":\"search_term_string\"}}],\"inLanguage\":\"fr-FR\"},{\"@type\":\"Organization\",\"@id\":\"https:\\\/\\\/www.sivom-bethunois.fr\\\/#organization\",\"name\":\"SIVOM de la Communaut\u00e9 du B\u00e9thunois\",\"url\":\"https:\\\/\\\/www.sivom-bethunois.fr\\\/\",\"logo\":{\"@type\":\"ImageObject\",\"inLanguage\":\"fr-FR\",\"@id\":\"https:\\\/\\\/www.sivom-bethunois.fr\\\/#\\\/schema\\\/logo\\\/image\\\/\",\"url\":\"https:\\\/\\\/www.sivom-bethunois.fr\\\/wp-content\\\/uploads\\\/2024\\\/07\\\/cropped-Logo-DG-site.png\",\"contentUrl\":\"https:\\\/\\\/www.sivom-bethunois.fr\\\/wp-content\\\/uploads\\\/2024\\\/07\\\/cropped-Logo-DG-site.png\",\"width\":512,\"height\":512,\"caption\":\"SIVOM de la Communaut\u00e9 du B\u00e9thunois\"},\"image\":{\"@id\":\"https:\\\/\\\/www.sivom-bethunois.fr\\\/#\\\/schema\\\/logo\\\/image\\\/\"},\"sameAs\":[\"https:\\\/\\\/www.facebook.com\\\/sivom.bethunois\"]}]}<\/script>\n<!-- \/ Yoast SEO plugin. -->","yoast_head_json":{"title":"L'annuaire des \u00e9tablissements g\u00e9r\u00e9s par le SIVOM du B\u00e9thunois","description":"Trouvez facilement votre interlocuteur en consultant l'annuaire des coordonn\u00e9es des services et \u00e9tablissements g\u00e9r\u00e9s par le SIVOM du B\u00e9thunois.","robots":{"index":"index","follow":"follow","max-snippet":"max-snippet:-1","max-image-preview":"max-image-preview:large","max-video-preview":"max-video-preview:-1"},"canonical":"https:\/\/www.sivom-bethunois.fr\/index.php\/coordonnees\/","og_locale":"fr_FR","og_type":"article","og_title":"L'annuaire des \u00e9tablissements g\u00e9r\u00e9s par le SIVOM du B\u00e9thunois","og_description":"Trouvez facilement votre interlocuteur en consultant l'annuaire des coordonn\u00e9es des services et \u00e9tablissements g\u00e9r\u00e9s par le SIVOM du B\u00e9thunois.","og_url":"https:\/\/www.sivom-bethunois.fr\/index.php\/coordonnees\/","og_site_name":"SIVOM de la Communaut\u00e9 du B\u00e9thunois","article_publisher":"https:\/\/www.facebook.com\/sivom.bethunois","article_modified_time":"2025-02-04T15:33:11+00:00","twitter_card":"summary_large_image","twitter_misc":{"Dur\u00e9e de lecture estim\u00e9e":"11 minutes"},"schema":{"@context":"https:\/\/schema.org","@graph":[{"@type":"WebPage","@id":"https:\/\/www.sivom-bethunois.fr\/index.php\/coordonnees\/","url":"https:\/\/www.sivom-bethunois.fr\/index.php\/coordonnees\/","name":"L'annuaire des \u00e9tablissements g\u00e9r\u00e9s par le SIVOM du B\u00e9thunois","isPartOf":{"@id":"https:\/\/www.sivom-bethunois.fr\/#website"},"datePublished":"2016-10-02T20:27:52+00:00","dateModified":"2025-02-04T15:33:11+00:00","description":"Trouvez facilement votre interlocuteur en consultant l'annuaire des coordonn\u00e9es des services et \u00e9tablissements g\u00e9r\u00e9s par le SIVOM du B\u00e9thunois.","breadcrumb":{"@id":"https:\/\/www.sivom-bethunois.fr\/index.php\/coordonnees\/#breadcrumb"},"inLanguage":"fr-FR","potentialAction":[{"@type":"ReadAction","target":["https:\/\/www.sivom-bethunois.fr\/index.php\/coordonnees\/"]}]},{"@type":"BreadcrumbList","@id":"https:\/\/www.sivom-bethunois.fr\/index.php\/coordonnees\/#breadcrumb","itemListElement":[{"@type":"ListItem","position":1,"name":"Accueil","item":"https:\/\/www.sivom-bethunois.fr\/"},{"@type":"ListItem","position":2,"name":"Coordonn\u00e9es"}]},{"@type":"WebSite","@id":"https:\/\/www.sivom-bethunois.fr\/#website","url":"https:\/\/www.sivom-bethunois.fr\/","name":"SIVOM de la Communaut\u00e9 du B\u00e9thunois","description":"Acteur de votre quotidien","publisher":{"@id":"https:\/\/www.sivom-bethunois.fr\/#organization"},"potentialAction":[{"@type":"SearchAction","target":{"@type":"EntryPoint","urlTemplate":"https:\/\/www.sivom-bethunois.fr\/?s={search_term_string}"},"query-input":{"@type":"PropertyValueSpecification","valueRequired":true,"valueName":"search_term_string"}}],"inLanguage":"fr-FR"},{"@type":"Organization","@id":"https:\/\/www.sivom-bethunois.fr\/#organization","name":"SIVOM de la Communaut\u00e9 du B\u00e9thunois","url":"https:\/\/www.sivom-bethunois.fr\/","logo":{"@type":"ImageObject","inLanguage":"fr-FR","@id":"https:\/\/www.sivom-bethunois.fr\/#\/schema\/logo\/image\/","url":"https:\/\/www.sivom-bethunois.fr\/wp-content\/uploads\/2024\/07\/cropped-Logo-DG-site.png","contentUrl":"https:\/\/www.sivom-bethunois.fr\/wp-content\/uploads\/2024\/07\/cropped-Logo-DG-site.png","width":512,"height":512,"caption":"SIVOM de la Communaut\u00e9 du B\u00e9thunois"},"image":{"@id":"https:\/\/www.sivom-bethunois.fr\/#\/schema\/logo\/image\/"},"sameAs":["https:\/\/www.facebook.com\/sivom.bethunois"]}]}},"_links":{"self":[{"href":"https:\/\/www.sivom-bethunois.fr\/index.php\/wp-json\/wp\/v2\/pages\/798","targetHints":{"allow":["GET"]}}],"collection":[{"href":"https:\/\/www.sivom-bethunois.fr\/index.php\/wp-json\/wp\/v2\/pages"}],"about":[{"href":"https:\/\/www.sivom-bethunois.fr\/index.php\/wp-json\/wp\/v2\/types\/page"}],"author":[{"embeddable":true,"href":"https:\/\/www.sivom-bethunois.fr\/index.php\/wp-json\/wp\/v2\/users\/35"}],"replies":[{"embeddable":true,"href":"https:\/\/www.sivom-bethunois.fr\/index.php\/wp-json\/wp\/v2\/comments?post=798"}],"version-history":[{"count":53,"href":"https:\/\/www.sivom-bethunois.fr\/index.php\/wp-json\/wp\/v2\/pages\/798\/revisions"}],"predecessor-version":[{"id":14246,"href":"https:\/\/www.sivom-bethunois.fr\/index.php\/wp-json\/wp\/v2\/pages\/798\/revisions\/14246"}],"wp:attachment":[{"href":"https:\/\/www.sivom-bethunois.fr\/index.php\/wp-json\/wp\/v2\/media?parent=798"}],"curies":[{"name":"wp","href":"https:\/\/api.w.org\/{rel}","templated":true}]}}